
4
Let k(q) = 4 - 1 + 6*q - 4. Calculate the remainder when k(3) is divided by 6*(-4)/32*-8.
5
What is the remainder when 61 is divided by 33/88 + (-125)/(-8)?
13
Suppose 0 = -5*l - 0 + 15. Suppose 38 = 2*o - 4*b, -o - 2*o + 57 = l*b. What is the remainder when o is divided by 10*1 + 0/(-1)?
9
Let j be 4/8*(-1 - -11). Suppose 5*y - 160 = -5*i, 4*i + 69 = j*y - 55. What is the remainder when y is divided by 15?
13
Suppose 3*s - 246 - 156 = 0. Calculate the remainder when s is divided by 17.
15
Suppose 0 = s - m - 13, -2*s - m + 6 = -5. Suppose 2*b - z = -5*z + 12, 3 = -2*b + z. Suppose b*h - 2*h = -6. What is the remainder when s is divided by h?
2
Suppose 2*b - 30 = -4*n, 5*b - n - 64 = -0*n. Let j = b + -8. Calculate the remainder when j is divided by (-1)/(-1)*3/1.
2
Suppose 5*b + 27 - 77 = 0. Suppose 0*x = -2*k - 4*x + 58, 5*x + 22 = k. What is the remainder when k is divided by b?
7
Suppose 26*s = 25*s + 32. What is the remainder when s is divided by 19?
13
Let r(k) = -k**3 - 8*k**2 + 1. Let g be r(-8). Let h be (-6 - -1) + (3 - g). What is the remainder when 11 is divided by 0 + 3/h + 8?
4
Suppose 86 + 6 = 2*h. What is the remainder when h is divided by 16?
14
What is the remainder when 39 is divided by ((-5)/4)/((-3)/12)?
4
Suppose t + 3 = 4, 5*o - 42 = -2*t. Suppose 2*q = -2*q + 124. Calculate the remainder when q is divided by o.
7
Suppose 0 = 2*y - 3*y + 74. Calculate the remainder when y is divided by 19.
17
Let u(b) = 2*b + 62. What is the remainder when 112 is divided by u(-12)?
36
Suppose -11*r - 2392 = -34*r. What is the remainder when r is divided by 18?
14
Suppose 4*m = m + 33. Calculate the remainder when 29 is divided by m.
7
Let s be ((-14)/(-4))/(4/8). Let o(b) = -s*b**3 + 4*b**2 + 5 + 6*b**3 + 2*b + b. What is the remainder when o(4) is divided by 9?
8
Suppose 0 = 4*g - 4, -5*a - g + 3*g - 12 = 0. Calculate the remainder when ((-3)/3 - a) + 33 is divided by 18.
16
Let n(b) = b**2 - 8*b + 3. Let w be n(8). Calculate the remainder when 21 is divided by (2/6)/(w/99).
10
Suppose -4*x = -4*o - 30 - 42, -3*o - 20 = -x. What is the remainder when 30 is divided by x?
13
Suppose 5*v = 3*r + 51, r + 19 - 70 = -4*v. Calculate the remainder when 69 is divided by v.
9
Let q(p) = -6*p**2 + 20*p + 7. Let y(x) = -3*x**2 + 10*x + 3. Let l(j) = 4*q(j) - 9*y(j). What is the remainder when l(7) is divided by 20?
18
Let n be 1 + (12/3 - 1). Suppose n*j - 56 = -0*j. Calculate the remainder when j is divided by 5.
4
Let t(y) = y - 3. Let r be t(9). Suppose -v - 20 = -r*v. Calculate the remainder when 5 is divided by 3 - (v - 0) - -4.
2
Suppose -5*x - 4*u - 119 = -2*u, -90 = 3*x - 5*u. Let l = x - -40. What is the remainder when l is divided by (1 - -2)/((-6)/(-8))?
3
Suppose -3*r + 69 = -54. Let u = r - 21. What is the remainder when u is divided by 7?
6
Let v = 2 + 1. Suppose 3*r = 4*x - 57, 44 = v*x - 3*r + r. Let q = -4 + x. Calculate the remainder when q is divided by 5.
4
Let b(f) = 2*f**3 - 2*f + 1. Let k be (24/(-4))/(4/6). Calculate the remainder when b(1) is divided by (-4)/6*k/6.
0
Let g(a) = 2*a - 2. Let j = -8 - -16. What is the remainder when g(j) is divided by 8?
6
Suppose 188 = 4*a - 0*a. What is the remainder when a is divided by 12?
11
Let q(u) = 70*u**2 + u. Calculate the remainder when q(1) is divided by 25.
21
Suppose -3*i + 4 + 2 = 0, -3*w + 5*i + 32 = 0. What is the remainder when w is divided by 8?
6
Let j(u) = -u**3 + u**2 + u + 1. Let r be j(-1). Let m be 4/r + (4 - 4). Let v(q) = 23*q - 3. Calculate the remainder when v(m) is divided by 15.
13
Suppose -4*r = 5*i - 117, 0*r = -5*i + 5*r + 135. Suppose -5*x - 21 = 3*o, -2 = 4*x - 7*o + 2*o. Let l = x + 12. What is the remainder when i is divided by l?
7
Suppose -10 = 5*t - 5*j, -2*t - 4*j = t - 22. Suppose -49 = -4*a + 3*h, -50 = -0*a - 4*a + t*h. What is the remainder when 24 is divided by a?
11
Calculate the remainder when (20/16)/((-5)/(-20)) is divided by (-1 + 4)*(-2)/(-2).
2
Suppose y - 27 = -3*n, 2*y = 2*n + 7*y - 18. Let g = 14 - 10. Let o = n - g. Calculate the remainder when o is divided by 3.
2
Let a = 14 + 18. Calculate the remainder when 158 is divided by a.
30
Let d = 55 - 18. Let z = d + -11. Calculate the remainder when z is divided by 7.
5
Let h be 0/(1 - (-2 + 1)). Let v be (-1)/(-1) - (h + -16). Let s = v - 10. Calculate the remainder when 11 is divided by s.
4
Let i(l) = -l**3 + 10*l**2 + 13*l - 5. What is the remainder when i(11) is divided by 4?
1
Suppose 21 = d + 7. Calculate the remainder when 51 is divided by d.
9
Calculate the remainder when (-292)/(-6) + 4/(-6) is divided by 2 + -15*(-5 - -4).
14
Let x(c) = 4*c**2 - 9*c**2 - 10 + 8*c - 2*c**2 + 1 + c**3. Calculate the remainder when 9 is divided by x(6).
0
Let x = -21 - -38. What is the remainder when 31 is divided by x?
14
Suppose -2*w = 2*i + 112, -2*w + 7*w + 112 = -2*i. Let v be (-4)/18 - i/9. What is the remainder when 20 is divided by 13 + v/(-9)*3?
9
Let p = 8 - 6. Let b(u) = 5*u**2. Let z be 0 + 2*(-2)/4. Calculate the remainder when b(z) is divided by p.
1
Let r be 1/(-4) + 1/4. Let c(q) = q + 25. Calculate the remainder when 72 is divided by c(r).
22
What is the remainder when 25 is divided by 20/30 - 22/6 - -10?
4
Let s be (1 + 1/(-2))*0. Suppose s*h + 40 = h. Let x = h + -8. Calculate the remainder when x is divided by 17.
15
Suppose 0 = -2*l - 4*q + 94, -8*l - 3*q + 221 = -3*l. Calculate the remainder when l is divided by 15.
13
Let p = 1 + 12. Suppose -2*j = 2*j - 5*s - 77, 3*s = 9. What is the remainder when j is divided by p?
10
Suppose 3*y - 15 = -2*y. Calculate the remainder when 5 is divided by y.
2
Calculate the remainder when 22 is divided by ((-20)/(-30))/(-2 - (-98)/48).
6
Let g(n) = n + 14. Let f be g(-10). Suppose f*t = -0*t. Suppose t*y - y = -40. Calculate the remainder when y is divided by 21.
19
Suppose 77 + 67 = 3*d. Let w = -24 + d. Let v = 35 - w. Calculate the remainder when 21 is divided by v.
10
Suppose t + 3*m + 3 = 5*m, 4*t - 24 = -4*m. Let j = 8 - 6. What is the remainder when t is divided by j?
1
Suppose -3*t + g = -58, -4*t + 3*g + 72 = -g. Suppose 8 = 2*y - 0. Suppose 0 = -y*v, -v = -2*h + 4*v + 14. What is the remainder when t is divided by h?
6
Let p = 81 + -21. Suppose -4*f + 12 = -0. Suppose 2*v = -f*v + p. What is the remainder when 22 is divided by v?
10
Let m(i) = 62*i + 1. Calculate the remainder when m(1) is divided by 8.
7
Let c(f) = 2*f - 10. What is the remainder when 10 is divided by c(8)?
4
Let a(o) = o**2 + 1. Suppose 5*v = 27 - 7. Suppose -v*l - 12 = -6*l. What is the remainder when a(4) is divided by l?
5
Let x = 23 - 0. Suppose 0 = -3*q - 5*b + x - 2, -2*b + 14 = 4*q. Let v = 161 + -159. Calculate the remainder when v is divided by q.
0
Suppose 5*z + 14 = 4. Let t be -2 + -1 + (z - -5). Suppose t*v + 2*u + 65 = v, -4*v + 305 = u. What is the remainder when v is divided by 19?
18
Let k = -6 - -4. Suppose -r = f - 2, 4*r + f = -0*f + 14. Calculate the remainder when r is divided by (2 + 0 - -2) + k.
0
Let v = -23 + 71. Calculate the remainder when v is divided by 17.
14
Let b be (20/16)/((-3)/(-12)). Suppose 2*z - 6 = 4*r, b + 7 = 4*z - r. Calculate the remainder when 7 is divided by z.
1
Suppose 0*y - y = -20. Suppose s + p - 5*p = y, 0 = -4*p - 4. Calculate the remainder when s is divided by 6.
4
Suppose -5*t + 576 = 161. Suppose z + 3*z = 84. Calculate the remainder when t is divided by z.
20
Let h = -29 - -55. Let q = -14 + h. Calculate the remainder when 21 is divided by q.
9
Let p be -2*(2/4)/(-1). Let o be 1/((1 + 0)/p). Let h = 0 + o. Calculate the remainder when h is divided by 1.
0
Let l(b) be the first derivative of b**3/3 - b**2/2 + 4*b + 1. Suppose 4*f - 2 = 10. What is the remainder when l(f) is divided by 6?
4
Let s be (35/(-15))/((-1)/(-3)). Let i(a) = a**3 + 6*a**2 - 8*a - 7. Let o be i(s). Suppose -2*m = -o*m - 28. Calculate the remainder when m is divided by 8.
6
Let g be (-58)/(-18) + 4/(-18). Suppose -g*d + 15 = -0. Let t(a) = -5*a - 2. What is the remainder when t(-3) is divided by d?
3
Suppose 0 = -5*g + 3*g - 10. Let t = g + 10. What is the remainder when 7 is divided by t?
2
Let k be (4/8)/(2/(-4)). Let c = k + 1. Let m(q) = q**3 + q**2 - q + 34. Calculate the remainder when m(c) is divided by 12.
10
Suppose 5